he prime factors of 418088?
2, 11, 4751
List the prime factors of 786477.
3, 317, 827
List the prime factors of 7174016.
2, 41, 1367
What are the prime factors of 1702436?
2, 425609
What are the prime factors of 604092?
2, 3, 50341
List the prime factors of 23932975.
5, 11, 29, 3001
List the prime factors of 135452.
2, 33863
List the prime factors of 154668.
2, 3, 12889
What are the prime factors of 279817?
279817
What are the prime factors of 9215893?
19, 23, 21089
What are the prime factors of 16165765?
5, 7, 11, 199, 211
What are the prime factors of 9504340?
2, 5, 47, 10111
List the prime factors of 17135444.
2, 4283861
List the prime factors of 68503.
61, 1123
List the prime factors of 4033169.
7, 576167
What are the prime factors of 105029?
127, 827
List the prime factors of 7385078.
2, 43, 79, 1087
List the prime factors of 431314.
2, 13, 53, 313
List the prime factors of 871034.
2, 491, 887
What are the prime factors of 2938515?
3, 5, 227, 863
List the prime factors of 969105.
3, 5, 23, 53
List the prime factors of 141392.
2, 8837
What are the prime factors of 72151?
23, 3137
List the prime factors of 427105.
5, 7, 12203
What are the prime factors of 75875?
5, 607
List the prime factors of 333462.
2, 3, 149, 373
List the prime factors of 142208.
2, 11, 101
List the prime factors of 1550134.
2, 19, 113
What are the prime factors of 104483?
163, 641
List the prime factors of 1264121.
347, 3643
List the prime factors of 7884865.
5, 1576973
What are the prime factors of 155257?
107, 1451
What are the prime factors of 800689?
41, 59, 331
List the prime factors of 307468.
2, 7, 79, 139
What are the prime factors of 575802?
2, 3, 10663
List the prime factors of 8106657.
3, 13, 109, 1907
What are the prime factors of 2651064?
2, 3, 13, 29, 293
What are the prime factors of 366604?
2, 7, 13093
What are the prime factors of 357191?
547, 653
List the prime factors of 415653.
3, 7, 19793
List the prime factors of 1380394.
2, 569, 1213
What are the prime factors of 621807?
3, 207269
List the prime factors of 398459.
398459
What are the prime factors of 40731?
3, 13577
What are the prime factors of 141465?
3, 5, 9431
What are the prime factors of 266298?
2, 3, 44383
List the prime factors of 858997.
858997
List the prime factors of 160428.
2, 3, 29, 461
List the prime factors of 70481.
70481
List the prime factors of 8248276.
2, 2062069
What are the prime factors of 230961?
3, 167, 461
What are the prime factors of 3512090?
2, 5, 157, 2237
List the prime factors of 5531865.
3, 5, 368791
List the prime factors of 4487315.
5, 7, 29, 4421
What are the prime factors of 52839?
3, 19, 103
What are the prime factors of 16789167?
3, 621821
List the prime factors of 2092721.
2092721
List the prime factors of 489506.
2, 244753
What are the prime factors of 1910936?
2, 17, 14051
List the prime factors of 662722.
2, 23, 14407
List the prime factors of 42550600.
2, 5, 31, 6863
What are the prime factors of 1642306?
2, 821153
List the prime factors of 186130.
2, 5, 7, 2659
List the prime factors of 11108801.
11, 67, 15073
What are the prime factors of 232804?
2, 11, 13, 37
What are the prime factors of 6381560?
2, 5, 159539
List the prime factors of 24698070.
2, 3, 5, 274423
What are the prime factors of 4248775?
5, 169951
List the prime factors of 408630.
2, 3, 5, 53, 257
What are the prime factors of 11703908?
2, 2925977
List the prime factors of 855359.
855359
List the prime factors of 2562165.
3, 5, 18979
What are the prime factors of 450387?
3, 7, 2383
List the prime factors of 287089.
11, 26099
What are the prime factors of 9762375?
3, 5, 7, 3719
What are the prime factors of 994795?
5, 198959
List the prime factors of 1617438.
2, 3, 269573
What are the prime factors of 8115575?
5, 13, 24971
List the prime factors of 1194774.
2, 3, 7, 28447
List the prime factors of 3284756.
2, 41, 20029
What are the prime factors of 1632141?
3, 7, 3701
List the prime factors of 1338943.
1009, 1327
List the prime factors of 300991.
29, 97, 107
What are the prime factors of 6284129?
23, 433, 631
List the prime factors of 176069.
17, 10357
List the prime factors of 6515492.
2, 1628873
What are the prime factors of 252288?
2, 3, 73
What are the prime factors of 24119?
89, 271
List the prime factors of 15691939.
937, 16747
What are the prime factors of 2848196?
2, 13, 54773
What are the prime factors of 827344?
2, 7, 83, 89
List the prime factors of 25158898.
2, 59, 101, 2111
What are the prime factors of 3448043?
3448043
What are the prime factors of 496339?
496339
What are the prime factors of 472592?
2, 29537
List the prime factors of 1645855.
5, 17, 67
List the prime factors of 1678792.
2, 173, 1213
What are the prime factors of 15671371?
19, 43411
List the prime factors of 1397114.
2, 698557
List the prime factors of 36712.
2, 13, 353
What are the prime factors of 97730?
2, 5, 29, 337
What are the prime factors of 12264064?
2, 95813
What are the prime factors of 654039?
3, 72671
What are the prime factors of 10939645?
5, 2187929
What are the prime factors of 419211?
3, 13, 3583
What are the prime factors of 849185?
5, 169837
List the prime factors of 3806384.
2, 19, 659
What are the prime factors of 8776571?
73, 109, 1103
What are the prime factors of 1019646?
2, 3, 37, 1531
What are the prime factors of 8516?
2, 2129
What are the prime factors of 1407606?
2, 3, 379, 619
What are the prime factors of 3977577?
3, 441953
What are the prime factors of 262204?
2, 65551
List the prime factors of 384114.
2, 3, 64019
What are the prime factors of 353730?
2, 3, 5, 13, 907
What are the prime factors of 1234990?
2, 5, 123499
List the prime factors of 2686207.
2686207
List the prime factors of 13401992.
2, 19, 37, 2383
List the prime factors of 4600306.
2, 2300153
List the prime factors of 60279.
3, 71, 283
List the prime factors of 7079767.
7079767
What are the prime factors of 1183797?
3, 31, 4243
List the prime factors of 13139124.
2, 3, 53, 73, 283
List the prime factors of 2625263.
2625263
List the prime factors of 1044981.
3, 7, 19, 97
What are the prime factors of 558037?
53, 10529
List the prime factors of 200197.
107, 1871
List the prime factors of 19369789.
139, 331, 421
List the prime factors of 11585.
5, 7, 331
List the prime factors of 169058.
2, 137, 617
List the prime factors of 37604223.
3, 523, 2663
List the prime factors of 24117923.
67, 179, 2011
List the prime factors of 732982.
2, 19, 19289
List the prime factors of 233334.
2, 3, 29, 149
What are the prime factors of 20158305?
3, 5, 1343887
List the prime factors of 297747.
3, 33083
What are the prime factors of 13544712?
2, 3, 73, 859
List the prime factors of 809101.
809101
List the prime factors of 743703.
3, 247901
What are the prime factors of 1178790?
2, 3, 5, 39293
List the prime factors of 19247149.
19247149
List the prime factors of 1029493.
101, 10193
What are the prime factors of 1362775?
5, 19, 151
What are the prime factors of 114701?
23, 4987
List the prime factors of 51700.
2, 5, 11, 47
What are the prime factors of 3142289?
379, 8291
List the prime factors of 327501.
3, 36389
List the prime factors of 1216379.
1216379
List the prime factors of 172734.
2, 3, 28789
List the prime factors of 28856621.
239, 120739
List the prime factors of 1660536.
2, 3, 23063
What are the prime factors of 3565991?
11, 13, 2267
What are the prime factors of 17564393?
7, 11, 32587
What are the prime factors of 1903784?
2, 237973
List the prime factors of 31553170.
2, 5, 11, 89, 293
List the prime factors of 138788.
2, 13, 17, 157
List the prime factors of 1473079.
421, 3499
List the prime factors of 449321.
449321
List the prime factors of 346608.
2, 3, 29, 83
What are the prime factors of 4455527?
4455527
List the prime factors of 599134.
2, 299567
What are the prime factors of 20390320?
2, 5, 254879
What are the prime factors of 168408?
2, 3, 2339
List the prime factors of 164291.
164291
List the prime factors of 335800.
2, 5, 23, 73
List the prime factors of 1307987.
23, 29, 37, 53
What are the prime factors of 27571583?
13, 2120891
List the prime factors of 378903.
3, 7, 18043
What are the prime factors of 3953513?
3953513
What are the prime factors of 1021879?
1021879
List the prime factors of 49812.
2, 3, 7,